ose 283 - 1518 = -5*l. What is the hundreds digit of l?
2
Suppose -4*t - 3*f + 4*f + 2223 = 0, -4*t - 2*f = -2238. What is the hundreds digit of t?
5
Suppose -3*d = 16*d - 37791. What is the hundreds digit of d?
9
Suppose 0 = -11*j + 4*j + 35. Suppose -j*c = -0*c + 170. Let i = c + 86. What is the tens digit of i?
5
Let g be 20/6 - (39/9 + -4). What is the units digit of -3*2/g*-1 - -26?
8
Suppose 67*q = 62*q + 5680. What is the thousands digit of q?
1
Let f = 20 - 18. Let g = 42 - -9. Suppose 5*a + f*z = 114, 0*z + z = 2*a - g. What is the units digit of a?
4
Let h(c) = c + 7. Suppose -7*x = -4*x - 33. Let m be h(x). Let b = 3 + m. What is the tens digit of b?
2
Suppose -3*q + 11 = 2*q - k, -5*q - 3*k = -7. Suppose 2*f = q*y + 176, 2*f = -5*y + 11 + 200. What is the units digit of f?
3
Suppose -36 = -5*c - 4*s, 2*c - 3*c - 3*s = -16. Suppose -146 = -2*b + 2*v - v, c*b - 5*v = 304. What is the units digit of b?
1
What is the hundreds digit of (14/84)/((-127418)/(-63708) - 2)?
3
Let s(m) = 1008*m**2 - 50*m - 98. What is the units digit of s(-2)?
4
Suppose -r - 292 = -100. Let l = r - -352. What is the hundreds digit of l?
1
Let r be 1/(-2)*(-1 + 15). Let q = r + 12. Let j(b) = 3*b + 6. What is the units digit of j(q)?
1
Let b(r) = r - 4. Let m be b(6). Suppose -m*u - 2 = -6. Suppose 45 = x - 3*c, x - 8 = -4*c + u. What is the tens digit of x?
3
Suppose 0*t = 2*t. Suppose 5*b - 91 = 2*o, -b + 4*o - 3 + 14 = t. What is the tens digit of b?
1
Let z = 23 - -5. Suppose 4*t - 5 = m - 2, 4*m = -12. What is the units digit of (z + 6)/(2 + t)?
7
Suppose 0 = 3*u + 4*w - 13090, 2552 + 1793 = u + 5*w. What is the units digit of u?
0
Suppose -4*z + 2*z = d - 290, 2*d + 421 = 3*z. What is the tens digit of z?
4
What is the hundreds digit of 667 + -4 + 3 + 0 + -2?
6
Let p(z) = z**3 - 7*z**2 + 10*z + 8. Let q be p(5). Let s(j) = -j**3 - 7*j**2 - 8*j - 1. Let o be s(-6). Let r = o - q. What is the units digit of r?
3
Suppose 2*y - 4*p = 308, 527*y + 3*p + 159 = 528*y. What is the hundreds digit of y?
1
Let w(h) = -2*h**2 + 8*h + 1079. What is the tens digit of w(0)?
7
What is the thousands digit of 4*(-3)/(96/(-19160))?
2
Suppose -25*t = -24*t - 3. Suppose 0 = -2*c + t*c - 36. What is the units digit of c?
6
Suppose 3*r = 11*r - 24. Suppose -6*p - r*w = -4*p - 211, -5*p + 523 = 3*w. What is the units digit of p?
4
Let g = -81 - -148. What is the units digit of -1 + g - (4 + -7)?
9
Suppose -3*f = -2*u - 3223 + 285, 0 = -2*u + 2. What is the units digit of f?
0
Let z be -3*-235*(-1)/(-3). Suppose -25*a = -20*a - z. What is the tens digit of a?
4
Suppose -13 = -w - 4*n, -34 - 47 = -3*w + 2*n. Let o = w - -8. Let b = 8 + o. What is the tens digit of b?
4
Suppose 0*x - 1 = -x, -4*j + 13 = -3*x. Suppose -28 = -j*k + k - o, 0 = 4*k - 5*o - 12. Suppose 12*a - 128 = k*a. What is the tens digit of a?
3
Let v(y) = 9*y + 292 + 3*y - 318. What is the hundreds digit of v(12)?
1
Let a(b) = b. Let t be a(2). Suppose -4*h = v - 184, -t*v = 2*v + 4*h - 772. Suppose -3*x - r = -0*r - 142, 4*x = 2*r + v. What is the units digit of x?
8
Suppose -3*v = 2*v - 3*n - 19, -2*n = -4*v + 14. Suppose -5*b + 35 = c, 0*b = -5*c - 2*b + 152. Suppose -v*r = -r - c. What is the tens digit of r?
3
Let b(o) = o**2 - 5*o - 5. Let m be b(3). Let a(p) be the third derivative of -p**4/12 - 11*p**3/6 - p**2. What is the tens digit of a(m)?
1
Let y = 81 - 39. Suppose 0 = y*x - 47*x + 425. What is the tens digit of x?
8
Let f = -20 + 25. Suppose 0 = -f*d + 241 + 274. What is the hundreds digit of d?
1
Suppose 0 = 4*f + 524 + 696. Let p = -143 - f. What is the units digit of p?
2
Suppose -18*x - 6*x = -36936. What is the hundreds digit of x?
5
Let z(c) = 10 - c**3 + c**2 - 4 + 0*c + 3*c**3 - 8*c. What is the hundreds digit of z(5)?
2
Let c be (-14 + 1 - 0)/(-1). Suppose -5 = -5*o + 20. Suppose 0*t = -3*r - t + c, o*r + 4*t = 24. What is the units digit of r?
4
Let v = 89 - 77. Suppose -16*o + 388 = -v*o. What is the units digit of o?
7
Let v(t) = -2982*t**3 - 3*t**2 + 8*t + 10. What is the units digit of v(-1)?
1
What is the tens digit of (-15762)/(-24) - (-6)/(-8)?
5
Let x = -43 + 45. What is the tens digit of 3 + -2 + x*-8*-4?
6
What is the units digit of ((-66)/(-55))/(4/1450)?
5
Let v be 2/4*(2 + 0). Suppose 5 - 29 = 8*m. What is the units digit of 51 - (v - m - 4)?
1
Let g = 817 - 0. What is the tens digit of g?
1
What is the units digit of (-1)/((-2995)/3980 - (-15)/20)?
8
Suppose 52*g + 6868 = 56*g. What is the units digit of g?
7
Suppose 3*x - 4418 = 4*n, x + 4*n = -4*x + 7406. What is the tens digit of x?
7
Let g(x) = -81*x - 28. Let l be g(9). What is the units digit of l*(-2)/6 + 32/(-96)?
2
Suppose 13*j = 925 + 3131. What is the tens digit of j?
1
Let h(r) = -r**3 + 7*r**2 - r - 5. Let b be 3 - (2/(-1) - -2). Suppose 5*o = b*d + 10, 0 = 3*d - 0*d + o - 20. What is the tens digit of h(d)?
4
Let f = 30 + -7. Suppose -84 = -n - f. What is the units digit of n?
1
Let c(q) = -q**2 + 11*q - 10. Let a be c(7). Let f = 30 + a. What is the units digit of f?
8
What is the units digit of (58/(-8))/((-1)/24)?
4
Let j = -764 - -1751. What is the hundreds digit of j?
9
Let n(o) = -2*o + 14. Let m be n(6). Suppose m*h - z = 33, -h + 2 - 3 = -4*z. Let b = 36 - h. What is the tens digit of b?
1
Let h(l) = 10*l**2 + 4*l - 1. Let w be h(1). Let y = w - 4. What is the tens digit of (-3)/9 - (-102)/y?
1
Suppose -b = 5*x - 3*b - 3326, 3*x - b - 1995 = 0. What is the hundreds digit of x?
6
Let r = 18 + 57. Suppose 0 = o + 4*o - r. What is the units digit of (-4)/(-10) + 519/o?
5
Suppose 0 = -4*k + 4 + 4. Let u be -2 + (k - -12) + -3. What is the units digit of (-112)/(-6) + 3/u?
9
Let q be ((-9)/6)/(12/(-320)). Let m be (6 - 1)*16/q. Suppose 3*w - 20 + m = 0. What is the units digit of w?
6
Let s = -1 + 5. Let d be 228/30 + (-2)/(-5). Suppose s*p + d = 108. What is the tens digit of p?
2
Suppose 2*d = -d + 6. Let n be d + 0*(-2)/(-6). Suppose -n*i - 2*i + 88 = 0. What is the tens digit of i?
2
Let a(l) = l**3 + 5*l**2 + 3*l + 1. Let g be a(-4). Suppose 8*x = 4*x - g*b + 188, 5*x - 276 = 4*b. What is the units digit of x?
2
Let u = 2 + 3. Suppose l + 92 = u*h - 0*l, 0 = h + 3*l - 12. What is the units digit of h?
8
Let g(o) = -4*o + 4. What is the units digit of g(-8)?
6
Suppose 2*p + 2*j = 2332, -5*p + 4*p = -5*j - 1166. What is the tens digit of p?
6
Suppose -3*v + a = -3 + 17, 32 = -4*v - 2*a. Let l be ((-33)/22)/(v/208). Let k = l - 32. What is the units digit of k?
0
Let w be (-6)/(-9)*(-3)/(-2). Let k be (-8)/16 - w/(-2). Let x = 43 + k. What is the tens digit of x?
4
Suppose 8*t - 24 = 11*t. Let g = 10 + -15. Let v = g - t. What is the units digit of v?
3
What is the tens digit of 28588/91 - (-1)/(-13)*2?
1
Let o(g) = g + 6. Let f be o(-2). Suppose 4*n + l + 4*l - 381 = 0, 0 = 4*l - f. What is the tens digit of n?
9
Suppose 4*s + 2*x - 3*x + 121 = 0, 3*s = -4*x - 67. Let a = s - -105. What is the units digit of a?
6
Let x = 15 - -4. Suppose x = 2*g - 9. What is the units digit of g?
4
Let s(p) = -140*p - 24. What is the thousands digit of s(-8)?
1
Let l be 3 + ((-116)/4 - 4). Let n = -44 - l. What is the tens digit of ((-49)/n)/(2/24)?
4
Suppose 0 = 2*m + m + 51. Let w = -14 - m. What is the tens digit of w + -6 - 14/(-1)?
1
Suppose 4*u + 16 = m + 3*u, -20 = -m - u. Suppose m = -s - s. What is the units digit of (-1 - 11)*(-10 - s)?
2
What is the tens digit of 9/(-117) + (-60975)/(-65)?
3
Let p be (-5)/(10/6) - -5. Suppose -r = 3*i + 9, -i + 34 = -2*r + p. Let l = r + 27. What is the tens digit of l?
1
Suppose -81 = -7*c + 6*c. Suppose 0 = -5*k + l + 238, 5*k - 4*l - 328 + c = 0. Suppose -3*j + 58 = -k. What is the tens digit of j?
3
Let o be ((-3)/(-2))/((-10)/(-40)). Suppose -d = 5*r + 7, -d - 3*r + 3 = o. Suppose -5*p - u + 189 = -0*u, d*p - 5*u = 119. What is the units digit of p?
8
Let v(b) = b - 78. Let k(i) = -1. Let a(j) = -2*k(j) + v(j). Let h be a(0). What is the units digit of (-6)/(-18) - h/6?
3
What is the tens digit of (-1)/(-2*(-8)/(-416))?
2
Let v be 6/21 - 5866/(-49). Suppose n + 4*k = v, n = 3*n + 4*k - 252. Suppose 0*t = -4*t + n. What is the units digit of t?
3
Suppose -5*n = -n - 7688. What is the tens digit of n?
2
Let h(t) = -t**3 + 16*t**2 + t + 23. What is the units digit of h(8)